, 5, 11, 269
List the prime factors of 1129691.
23, 49117
List the prime factors of 1382869.
149, 9281
What are the prime factors of 79021?
19, 4159
What are the prime factors of 298164?
2, 3, 24847
What are the prime factors of 430139?
430139
What are the prime factors of 625472?
2, 29, 337
List the prime factors of 10110596.
2, 1493, 1693
List the prime factors of 1502710.
2, 5, 11, 19, 719
What are the prime factors of 12785?
5, 2557
List the prime factors of 21222892.
2, 5305723
What are the prime factors of 894037?
894037
List the prime factors of 1584681.
3, 7, 59, 1279
What are the prime factors of 860068?
2, 11, 1777
What are the prime factors of 1099213?
181, 6073
List the prime factors of 5876746.
2, 53, 55441
List the prime factors of 244719.
3, 27191
List the prime factors of 8398.
2, 13, 17, 19
List the prime factors of 24008475.
3, 5, 320113
What are the prime factors of 1399492?
2, 181, 1933
List the prime factors of 37593.
3, 4177
What are the prime factors of 13915?
5, 11, 23
List the prime factors of 369462.
2, 3, 139, 443
What are the prime factors of 426245?
5, 163, 523
What are the prime factors of 474509?
7, 53, 1279
List the prime factors of 355324.
2, 211, 421
What are the prime factors of 5209658?
2, 2604829
List the prime factors of 1006312.
2, 125789
List the prime factors of 2547103.
13, 195931
List the prime factors of 32540.
2, 5, 1627
List the prime factors of 916192.
2, 28631
List the prime factors of 1159445.
5, 7, 157, 211
List the prime factors of 156973.
79, 1987
List the prime factors of 10961699.
7, 859, 1823
List the prime factors of 1427214.
2, 3, 79, 3011
What are the prime factors of 3722051?
67, 73, 761
List the prime factors of 591356.
2, 19, 31, 251
List the prime factors of 3420202.
2, 29, 109, 541
What are the prime factors of 265701?
3, 31, 2857
What are the prime factors of 41294316?
2, 3, 7, 61, 8059
What are the prime factors of 73504?
2, 2297
List the prime factors of 182307.
3, 67, 907
List the prime factors of 23726584.
2, 7, 60527
What are the prime factors of 166861?
166861
List the prime factors of 9508455.
3, 5, 11, 19, 337
List the prime factors of 204601.
204601
List the prime factors of 4359270.
2, 3, 5, 331, 439
List the prime factors of 1678821.
3, 19, 29453
List the prime factors of 347896.
2, 43487
List the prime factors of 358791.
3, 41, 2917
What are the prime factors of 2767047?
3, 569, 1621
What are the prime factors of 21112683?
3, 673, 10457
What are the prime factors of 6507?
3, 241
List the prime factors of 21208843.
17, 73387
What are the prime factors of 3742251?
3, 1247417
What are the prime factors of 26957773?
26957773
List the prime factors of 381639.
3, 23, 5531
What are the prime factors of 3091715?
5, 11, 67, 839
What are the prime factors of 1762735?
5, 13, 47, 577
What are the prime factors of 11531088?
2, 3, 80077
List the prime factors of 4398576.
2, 3, 7, 13, 19, 53
What are the prime factors of 952416?
2, 3, 3307
What are the prime factors of 1404446?
2, 37, 18979
What are the prime factors of 738701?
17, 19, 2287
What are the prime factors of 4395987?
3, 73, 6691
What are the prime factors of 2243245?
5, 71, 89
What are the prime factors of 106349?
106349
List the prime factors of 1913726.
2, 173, 5531
What are the prime factors of 1465854?
2, 3, 13, 18793
List the prime factors of 7511235.
3, 5, 61, 8209
What are the prime factors of 31943?
17, 1879
List the prime factors of 8667018.
2, 3, 481501
List the prime factors of 19661597.
19661597
List the prime factors of 880439.
7, 125777
What are the prime factors of 87763?
13, 43, 157
List the prime factors of 264175.
5, 10567
List the prime factors of 36429.
3, 12143
List the prime factors of 2397902.
2, 13, 92227
What are the prime factors of 7980387?
3, 137, 19417
List the prime factors of 894472.
2, 17, 6577
What are the prime factors of 8797362?
2, 3, 7, 23, 1301
List the prime factors of 128069.
83, 1543
List the prime factors of 19148784.
2, 3, 398933
What are the prime factors of 2629592?
2, 7, 46957
List the prime factors of 2465771.
7, 11, 31, 1033
List the prime factors of 466479.
3, 13, 443
What are the prime factors of 282658?
2, 31, 47, 97
What are the prime factors of 2698147?
31, 87037
What are the prime factors of 332233?
11, 30203
List the prime factors of 581046.
2, 3, 113, 857
What are the prime factors of 12030765?
3, 5, 73, 10987
List the prime factors of 24887.
41, 607
What are the prime factors of 2464461?
3, 61, 67
What are the prime factors of 635019?
3, 7, 11, 2749
List the prime factors of 215348.
2, 7, 7691
What are the prime factors of 508637?
508637
List the prime factors of 229860.
2, 3, 5, 1277
List the prime factors of 5142612.
2, 3, 428551
What are the prime factors of 1399954?
2, 293, 2389
List the prime factors of 790899.
3, 43, 6131
What are the prime factors of 3703826?
2, 7, 264559
What are the prime factors of 800526?
2, 3, 101, 1321
What are the prime factors of 227781?
3, 25309
What are the prime factors of 1495955?
5, 299191
What are the prime factors of 3922831?
11, 356621
What are the prime factors of 3395321?
61, 55661
List the prime factors of 862832.
2, 53927
What are the prime factors of 1555850?
2, 5, 29, 37
List the prime factors of 48172.
2, 12043
List the prime factors of 384194.
2, 192097
What are the prime factors of 379820?
2, 5, 7, 2713
What are the prime factors of 948900?
2, 3, 5, 3163
What are the prime factors of 1473493?
7, 210499
What are the prime factors of 134975?
5, 5399
What are the prime factors of 326038?
2, 163019
What are the prime factors of 265340?
2, 5, 13267
What are the prime factors of 1304609?
1304609
List the prime factors of 8181.
3, 101
List the prime factors of 3720856.
2, 465107
List the prime factors of 154789.
154789
List the prime factors of 5999441.
7, 53, 103, 157
List the prime factors of 3433404.
2, 3, 13, 1693
List the prime factors of 117364.
2, 13, 37, 61
What are the prime factors of 140783?
23, 6121
What are the prime factors of 905250?
2, 3, 5, 17, 71
What are the prime factors of 3163645?
5, 103, 6143
What are the prime factors of 3071969?
3071969
List the prime factors of 766134.
2, 3, 31, 1373
List the prime factors of 6622044.
2, 3, 11, 13, 17, 227
What are the prime factors of 250531?
29, 53, 163
List the prime factors of 2929231.
2929231
List the prime factors of 18853541.
7, 2693363
List the prime factors of 3640514.
2, 19, 95803
List the prime factors of 6861407.
7, 263, 3727
List the prime factors of 584486.
2, 7, 83, 503
List the prime factors of 237240.
2, 3, 5, 659
List the prime factors of 1595908.
2, 398977
What are the prime factors of 150604?
2, 23, 1637
What are the prime factors of 1398226?
2, 699113
List the prime factors of 16029.
3, 13, 137
List the prime factors of 14249605.
5, 1543, 1847
What are the prime factors of 327810?
2, 3, 5, 7, 223
What are the prime factors of 769359?
3, 317, 809
List the prime factors of 4172243.
4172243
What are the prime factors of 8396266?
2, 17, 43, 5743
List the prime factors of 662903.
601, 1103
What are the prime factors of 8545?
5, 1709
What are the prime factors of 401817?
3, 13, 10303
What are the prime factors of 4769572?
2, 29, 41117
List the prime factors of 705827.
705827
List the prime factors of 24651804.
2, 3, 2054317
List the prime factors of 636607.
41, 15527
List the prime factors of 9856126.
2, 7, 704009
What are the prime factors of 171434?
2, 85717
List the prime factors of 20995749.
3, 73, 31957
What are the prime factors of 399571?
399571
List the prime factors of 1102729.
1102729
What are the prime factors of 194638?
2, 307, 317
List the prime factors of 95936.
2, 1499
List the prime factors of 433925.
5, 17, 1021
List the prime factors of 22436720.
2, 5, 19, 29, 509
List the prime factors of 927369.
3, 107
List the prime factors of 20992482.
2, 3, 7, 23801
List the prime factors of 308993.
193, 1601
What are the prime factors of 494210?
2, 5, 73, 677
List the prime factors of 150426.
2, 3, 61, 137
What are the prime factors of 291185?
5, 58237
List the prime factors of 3184384.
2, 7, 1777
List the prime factors of 727461.
3, 7, 1283
List the prime factors of 1221327.
3, 97, 1399
List the prime factors of 16531669.
7, 11, 30671
Lis